alse
Is 503498287 a prime number?
True
Is 11302253 prime?
True
Is 193823027 a prime number?
False
Is 20647573 prime?
False
Is 90690013 a composite number?
True
Is 55386698 composite?
True
Is 163626607 prime?
True
Is 9798581 prime?
False
Is 12412311 a composite number?
True
Is 11591913 a prime number?
False
Is 31938591 composite?
True
Is 52179557 prime?
False
Is 3040493 a composite number?
True
Is 18371 a prime number?
True
Is 48359789 prime?
True
Is 1190173 a composite number?
True
Is 1510669 a composite number?
False
Is 639311207 a prime number?
True
Is 6899197 composite?
True
Is 20877707 a composite number?
True
Is 143617 a composite number?
False
Is 9696637 prime?
True
Is 46003283 a prime number?
True
Is 10819801 prime?
False
Is 131046589 a prime number?
True
Is 121031 composite?
True
Is 55803617 a prime number?
False
Is 548806 a composite number?
True
Is 13444939 composite?
True
Is 61910257 composite?
False
Is 716383 a composite number?
False
Is 48472723 composite?
True
Is 270493 prime?
True
Is 313686349 a composite number?
True
Is 482311 a prime number?
False
Is 8263 prime?
True
Is 24651749 a composite number?
False
Is 7130261 prime?
False
Is 6637811 composite?
False
Is 943903 composite?
False
Is 1250479 a prime number?
True
Is 49917449 prime?
True
Is 3151217 a prime number?
True
Is 2021489 composite?
False
Is 14388587 composite?
False
Is 254069 a composite number?
True
Is 18318467 prime?
False
Is 12972221 composite?
True
Is 39975879 prime?
False
Is 107964223 composite?
False
Is 2249281 composite?
False
Is 2468443 a composite number?
False
Is 39946241 prime?
True
Is 17041891 prime?
True
Is 570235209 composite?
True
Is 1488557 a composite number?
True
Is 9665081 a prime number?
False
Is 7670083 a prime number?
True
Is 979129 a prime number?
False
Is 6227929 prime?
False
Is 133196101 a composite number?
True
Is 56439391 a prime number?
False
Is 6331529 a composite number?
False
Is 6576131 prime?
True
Is 1043093 a composite number?
True
Is 89008979 a composite number?
False
Is 31082261 a prime number?
False
Is 15320971 composite?
False
Is 2795437 a prime number?
True
Is 46569427 a prime number?
True
Is 5206207 a composite number?
False
Is 6031999 prime?
False
Is 25219591 a prime number?
False
Is 2540389 prime?
True
Is 8502577 a prime number?
True
Is 9342833 composite?
True
Is 1272262817 a prime number?
False
Is 1315177 composite?
False
Is 68730433 a composite number?
True
Is 23015557 prime?
False
Is 5939243 composite?
True
Is 305140555 a prime number?
False
Is 223521349 composite?
False
Is 96308747 a composite number?
True
Is 2479283 a composite number?
False
Is 3271397 a prime number?
False
Is 974438 composite?
True
Is 1810799 a composite number?
False
Is 630533 prime?
False
Is 560974 prime?
False
Is 9378701 a prime number?
False
Is 22808419 a composite number?
False
Is 9613477 prime?
False
Is 11452471 prime?
True
Is 6394199 composite?
True
Is 54311359 prime?
False
Is 231528707 a prime number?
True
Is 19138519 prime?
False
Is 2329213 a composite number?
False
Is 4318399 prime?
True
Is 105836485 prime?
False
Is 3467467 a composite number?
False
Is 37990049 prime?
False
Is 89106463 composite?
False
Is 1501469 a composite number?
True
Is 58726783 prime?
False
Is 28132001 a composite number?
True
Is 1510129 prime?
False
Is 2464579 a composite number?
True
Is 434489047 prime?
True
Is 283285759 a prime number?
True
Is 120180461 prime?
True
Is 1364173 a composite number?
True
Is 5851649 a composite number?
True
Is 446270767 composite?
False
Is 8015443 composite?
False
Is 132578653 composite?
True
Is 26108827 a composite number?
False
Is 750761989 composite?
True
Is 1441381 a composite number?
False
Is 14986385 composite?
True
Is 9816923 prime?
True
Is 4754483 a prime number?
False
Is 381771433 composite?
False
Is 58014037 a composite number?
False
Is 1509331 a composite number?
False
Is 925793359 a prime number?
False
Is 58636657 a prime number?
False
Is 702538 composite?
True
Is 1088974 composite?
True
Is 13815149 prime?
True
Is 30060445 a composite number?
True
Is 12447499 a prime number?
True
Is 37935389 a composite number?
False
Is 12583169 composite?
True
Is 46106029 composite?
False
Is 11368043 prime?
True
Is 6554921 prime?
True
Is 40460257 a composite number?
False
Is 13918889 a prime number?
True
Is 6792083 composite?
False
Is 8375687 prime?
False
Is 3833833 a composite number?
False
Is 44154191 prime?
True
Is 6913121 a composite number?
False
Is 963803 a composite number?
True
Is 2088137 prime?
False
Is 61508327 a prime number?
True
Is 11980763 composite?
False
Is 1963309 prime?
True
Is 10635661 prime?
True
Is 39488549 prime?
True
Is 53309591 composite?
True
Is 3409397 a composite number?
True
Is 2422673 a composite number?
True
Is 3632947 prime?
False
Is 348707 a composite number?
True
Is 413951 a prime number?
True
Is 45395741 composite?
False
Is 544303 a prime number?
False
Is 2782489 a prime number?
True
Is 305077753 a prime number?
False
Is 1307387 prime?
False
Is 34649731 a composite number?
False
Is 171833531 a composite number?
False
Is 22807069 a composite number?
False
Is 78382487 composite?
False
Is 3010489 a composite number?
False
Is 72551 a composite number?
False
Is 79426379 a prime number?
True
Is 33277737 prime?
False
Is 3599809 composite?
True
Is 2556839 composite?
False
Is 43196273 a prime number?
True
Is 251332181 a composite number?
False
Is 2793851 a composite number?
True
Is 15849391 composite?
False
Is 6967381 a prime number?
False
Is 149915807 composite?
False
Is 18604931 a composite number?
False
Is 17717759 a prime number?
False
Is 1862213 prime?
True
Is 2478727 composite?
False
Is 106077869 a prime number?
True
Is 2048614273 a composite number?
True
Is 670273 a composite number?
True
Is 15249583 prime?
True
Is 344592779 composite?
False
Is 43494653 a prime number?
False
Is 137276827 a prime number?
False
Is 34741711 prime?
False
Is 33114797 a prime number?
False
Is 126701569 prime?
False
Is 11629133 a prime number?
True
Is 1798973 a composite number?
True
Is 1936457 a prime number?
True
Is 3369827 prime?
True
Is 148275913 a prime number?
True
Is 5852423 composite?
False
Is 209856913 composite?
True
Is 32360347 a prime number?
True
Is 17387147 prime?
False
Is 7728293 composite?
False
Is 28544367 a composite number?
True
Is 17718631 a composite number?
True
Is 10332239 composite?
True
Is 1166978137 a prime number?
False
Is 53851927 a composite number?
True
Is 41836601 composite?
False
Is 2232281 a prime number?
True
Is 129964349 prime?
True
Is 103121429 a composite number?
False
Is 25689407 a prime number?
False
Is 106338571 a prime number?
True
Is 56710781 prime?
True
Is 1231631 a prime number?
True
Is 2477191 a prime number?
False
Is 527641811 a composite number?
False
Is 243517 prime?
True
Is 3735209 a prime number?
True
Is 330163 prime?
False
Is 229479 prime?
False
Is 69469087 a prime number?
True
Is 5797579 a prime number?
True
Is 210970507 a composite number?
True
Is 132191 composite?
True
Is 12805103 a composite number?
True
Is 13824777 prime?
False
Is 23170479 a prime number?
False
Is 848059 prime?
False
Is 66165217 prime?
True
Is 6644773 composite?
True
Is 150447147 a prime number?
False
Is 65979479 a composite number?
True
Is 8697853 a prime number?
False
Is 18339115 composite?
True
Is 1957391 prime?
True
Is 13154231 composite?
False
Is 5041327 a prime number?
False
Is 88407733 a composite number?
False
Is 31836901 a composite number?
False
Is 55014103 prime?
True
Is 93310277 prime?
True
Is 114568721 a prime number?
False
Is 5775482 a prime number?
False
Is 8657917 prime?
False
Is 5436391 a composite number?
False
Is 12959381 a composite number?
True
Is 84529567 composite?
False
Is 7704571 a composite number?
True
Is 149503499 prime?
True
Is 6347771 a prime number?
True
Is 20772291 prime?
False
Is 24517531 a prime number?
False
Is 52187029 a composite number?
False
Is 499843 composite?
True
Is 2441533 composite?
True
Is 9686683 composite?
True
Is 8742551 a prime number?
True
Is 72667213 a prime number?
False
Is 162575405 prime?
False
Is 604949 a prime number?
True
Is 121430429 composite?
True
Is 69895723 prime?
False
Is 454433 a prime number?
False
Is 497516111 a prime number?
True
Is 13355 a prime